{"id":5034,"date":"2022-03-15T11:52:33","date_gmt":"2022-03-15T11:52:33","guid":{"rendered":"https:\/\/www.ae2serpa.pt\/?page_id=5034"},"modified":"2024-05-08T19:50:11","modified_gmt":"2024-05-08T19:50:11","slug":"eleicoes-conselho-geral-2022-2024","status":"publish","type":"page","link":"https:\/\/www.ae2serpa.pt\/index.php\/eleicoes-conselho-geral-2022-2024\/","title":{"rendered":"Elei\u00e7\u00f5es: Conselho Geral (2022\/2024)"},"content":{"rendered":"\t\t<div data-elementor-type=\"wp-page\" data-elementor-id=\"5034\" class=\"elementor elementor-5034\">\n\t\t\t\t\t\t\t\t\t<section class=\"elementor-section elementor-top-section elementor-element elementor-element-6b454fa elementor-section-boxed elementor-section-height-default elementor-section-height-default\" data-id=\"6b454fa\" data-element_type=\"section\">\n\t\t\t\t\t\t<div class=\"elementor-container elementor-column-gap-default\">\n\t\t\t\t\t<div class=\"elementor-column elementor-col-100 elementor-top-column elementor-element elementor-element-8a41a5f\" data-id=\"8a41a5f\" data-element_type=\"column\">\n\t\t\t<div class=\"elementor-widget-wrap elementor-element-populated\">\n\t\t\t\t\t\t\t\t<div class=\"elementor-element elementor-element-8c12e22 elementor-widget elementor-widget-heading\" data-id=\"8c12e22\" data-element_type=\"widget\" data-widget_type=\"heading.default\">\n\t\t\t\t<div class=\"elementor-widget-container\">\n\t\t\t<h2 class=\"elementor-heading-title elementor-size-default\">DOCUMENTOS ORIENTADORES<\/h2>\t\t<\/div>\n\t\t\t\t<\/div>\n\t\t\t\t<div class=\"elementor-element elementor-element-79ce16e elementor-widget elementor-widget-text-editor\" data-id=\"79ce16e\" data-element_type=\"widget\" data-widget_type=\"text-editor.default\">\n\t\t\t\t<div class=\"elementor-widget-container\">\n\t\t\t\t\t\t\t<p><a href=\"https:\/\/www.ae2serpa.pt\/wp-content\/uploads\/2022\/03\/EDITAL_CG_22_26.pdf\">EDITAL &#8211; AVISO DE ABERTURA<\/a><\/p><p><a href=\"https:\/\/www.ae2serpa.pt\/wp-content\/uploads\/2022\/03\/Regulamento-CG.pdf\">REGULAMENTO<\/a><\/p><p><a href=\"https:\/\/www.ae2serpa.pt\/wp-content\/uploads\/2022\/03\/Calendario_Procedimentos.pdf\">CALEND\u00c1RIO DOS PROCEDIMENTOS<\/a><\/p>\t\t\t\t\t\t<\/div>\n\t\t\t\t<\/div>\n\t\t\t\t\t<\/div>\n\t\t<\/div>\n\t\t\t\t\t\t\t<\/div>\n\t\t<\/section>\n\t\t\t\t<section class=\"elementor-section elementor-top-section elementor-element elementor-element-ecab689 elementor-section-boxed elementor-section-height-default elementor-section-height-default\" data-id=\"ecab689\" data-element_type=\"section\">\n\t\t\t\t\t\t<div class=\"elementor-container elementor-column-gap-default\">\n\t\t\t\t\t<div class=\"elementor-column elementor-col-100 elementor-top-column elementor-element elementor-element-783c083\" data-id=\"783c083\" data-element_type=\"column\">\n\t\t\t<div class=\"elementor-widget-wrap elementor-element-populated\">\n\t\t\t\t\t\t\t\t<div class=\"elementor-element elementor-element-6b048c9 elementor-widget-divider--view-line elementor-widget elementor-widget-divider\" data-id=\"6b048c9\" data-element_type=\"widget\" data-widget_type=\"divider.default\">\n\t\t\t\t<div class=\"elementor-widget-container\">\n\t\t\t\t\t<div class=\"elementor-divider\">\n\t\t\t<span class=\"elementor-divider-separator\">\n\t\t\t\t\t\t<\/span>\n\t\t<\/div>\n\t\t\t\t<\/div>\n\t\t\t\t<\/div>\n\t\t\t\t\t<\/div>\n\t\t<\/div>\n\t\t\t\t\t\t\t<\/div>\n\t\t<\/section>\n\t\t\t\t<section class=\"elementor-section elementor-top-section elementor-element elementor-element-ada62c9 elementor-section-boxed elementor-section-height-default elementor-section-height-default\" data-id=\"ada62c9\" data-element_type=\"section\">\n\t\t\t\t\t\t<div class=\"elementor-container elementor-column-gap-default\">\n\t\t\t\t\t<div class=\"elementor-column elementor-col-100 elementor-top-column elementor-element elementor-element-0bca3f9\" data-id=\"0bca3f9\" data-element_type=\"column\">\n\t\t\t<div class=\"elementor-widget-wrap elementor-element-populated\">\n\t\t\t\t\t\t\t\t<div class=\"elementor-element elementor-element-4dca3d5 elementor-widget elementor-widget-heading\" data-id=\"4dca3d5\" data-element_type=\"widget\" data-widget_type=\"heading.default\">\n\t\t\t\t<div class=\"elementor-widget-container\">\n\t\t\t<h2 class=\"elementor-heading-title elementor-size-default\">LISTAS CONCORRENTES<br><\/h2>\t\t<\/div>\n\t\t\t\t<\/div>\n\t\t\t\t\t<\/div>\n\t\t<\/div>\n\t\t\t\t\t\t\t<\/div>\n\t\t<\/section>\n\t\t\t\t<section class=\"elementor-section elementor-top-section elementor-element elementor-element-111184a elementor-section-boxed elementor-section-height-default elementor-section-height-default\" data-id=\"111184a\" data-element_type=\"section\">\n\t\t\t\t\t\t<div class=\"elementor-container elementor-column-gap-default\">\n\t\t\t\t\t<div class=\"elementor-column elementor-col-100 elementor-top-column elementor-element elementor-element-27467db\" data-id=\"27467db\" data-element_type=\"column\">\n\t\t\t<div class=\"elementor-widget-wrap elementor-element-populated\">\n\t\t\t\t\t\t\t\t<div class=\"elementor-element elementor-element-d6231e6 elementor-widget elementor-widget-text-editor\" data-id=\"d6231e6\" data-element_type=\"widget\" data-widget_type=\"text-editor.default\">\n\t\t\t\t<div class=\"elementor-widget-container\">\n\t\t\t\t\t\t\t<h3><strong>ALUNOS<\/strong><\/h3><p><strong><span style=\"color: #339966;\">LISTA A<\/span><br \/><\/strong><strong>Efetivos:<\/strong> <em>J\u00falia Sara Palma Vez<\/em> |\u00a0<em>Manuel Ra\u00e7\u00f5es Villalta<\/em><br \/><strong>Suplentes:<\/strong> <em>Pilar Vit\u00f3ria Gon\u00e7alves Cola\u00e7o<\/em> | <em>Jos\u00e9 Alexandre Lu\u00eds Teodoro<\/em><\/p><p><a href=\"https:\/\/www.ae2serpa.pt\/wp-content\/uploads\/2022\/03\/Lista_A_Alunos.pdf\" target=\"_blank\" rel=\"noopener\">Consulte a lista<\/a><\/p>\t\t\t\t\t\t<\/div>\n\t\t\t\t<\/div>\n\t\t\t\t\t<\/div>\n\t\t<\/div>\n\t\t\t\t\t\t\t<\/div>\n\t\t<\/section>\n\t\t\t\t<section class=\"elementor-section elementor-top-section elementor-element elementor-element-98f35d9 elementor-section-boxed elementor-section-height-default elementor-section-height-default\" data-id=\"98f35d9\" data-element_type=\"section\">\n\t\t\t\t\t\t<div class=\"elementor-container elementor-column-gap-default\">\n\t\t\t\t\t<div class=\"elementor-column elementor-col-100 elementor-top-column elementor-element elementor-element-f9e469a\" data-id=\"f9e469a\" data-element_type=\"column\">\n\t\t\t<div class=\"elementor-widget-wrap elementor-element-populated\">\n\t\t\t\t\t\t\t\t<div class=\"elementor-element elementor-element-ba2fc82 elementor-widget elementor-widget-text-editor\" data-id=\"ba2fc82\" data-element_type=\"widget\" data-widget_type=\"text-editor.default\">\n\t\t\t\t<div class=\"elementor-widget-container\">\n\t\t\t\t\t\t\t<h3><strong>DOCENTES<\/strong><\/h3><p><strong><span style=\"color: #339966;\">LISTA A<\/span><br \/><\/strong><strong>Efetivos:<\/strong> <em>Laura Maria Vaz Sarroeira<\/em> | <i>V\u00edtor Jorge Henriques Bras\u00e3o<\/i> | <em>Nuno Elmano Nina de Lima Vidigal Raposo<\/em> | <em>Cristina Isabel Guerreiro Sim\u00e3o<\/em> | <em>Maria Josefa Gomes Carrasco Monge<\/em> | G<em>uilherme Domingos Gameiro Paulino Tanissa<\/em> | <em>Isabel Maria dos Santos P. Gomes Pereira<\/em><br \/><strong>Suplentes:<\/strong> <em>Maria Jos\u00e9 Godinho Pais Oliveira<\/em> | <em>Maria Matilde Rodeia Casaca Cardeira<\/em> | <em>Maria de F\u00e1tima Courela da Silva Amaral<\/em> | <em>Jo\u00e3o Pedro Belourico Serejo Marques<\/em> | <em>Maria Ana Sousa Palma Jesus C\u00e9sar<\/em> | <em>Daniela Cristina Batista Henriques<\/em> | <em>Maria de Lurdes Fur\u00e3o Carac\u00f3is<\/em><\/p><p><a href=\"https:\/\/www.ae2serpa.pt\/wp-content\/uploads\/2022\/03\/Lista_A_Docentes.pdf\">Consulte a lista<\/a><\/p>\t\t\t\t\t\t<\/div>\n\t\t\t\t<\/div>\n\t\t\t\t\t<\/div>\n\t\t<\/div>\n\t\t\t\t\t\t\t<\/div>\n\t\t<\/section>\n\t\t\t\t<section class=\"elementor-section elementor-top-section elementor-element elementor-element-813e279 elementor-section-boxed elementor-section-height-default elementor-section-height-default\" data-id=\"813e279\" data-element_type=\"section\">\n\t\t\t\t\t\t<div class=\"elementor-container elementor-column-gap-default\">\n\t\t\t\t\t<div class=\"elementor-column elementor-col-100 elementor-top-column elementor-element elementor-element-35e11e7\" data-id=\"35e11e7\" data-element_type=\"column\">\n\t\t\t<div class=\"elementor-widget-wrap elementor-element-populated\">\n\t\t\t\t\t\t\t\t<div class=\"elementor-element elementor-element-00f3dfb elementor-widget elementor-widget-text-editor\" data-id=\"00f3dfb\" data-element_type=\"widget\" data-widget_type=\"text-editor.default\">\n\t\t\t\t<div class=\"elementor-widget-container\">\n\t\t\t\t\t\t\t<h3><strong>N\u00c3O DOCENTES<\/strong><\/h3><p><strong><span style=\"color: #339966;\">LISTA A<\/span><br \/><\/strong><strong>Efetivos:<\/strong> <em>Vanda Cristina Correia Garcias<\/em> | <i>Margarida Maria Pica Mira<\/i><br \/><strong>Suplentes:<\/strong> <em>Domingos Manuel Valente Soares<\/em> | <em>Leonor Valente Mouralinho<\/em>\u00a0<\/p><p><a href=\"https:\/\/www.ae2serpa.pt\/wp-content\/uploads\/2022\/03\/Lista_A_N.Docentes.pdf\">Consulte a lista<\/a><\/p>\t\t\t\t\t\t<\/div>\n\t\t\t\t<\/div>\n\t\t\t\t\t<\/div>\n\t\t<\/div>\n\t\t\t\t\t\t\t<\/div>\n\t\t<\/section>\n\t\t\t\t<section class=\"elementor-section elementor-top-section elementor-element elementor-element-b1be2a1 elementor-section-boxed elementor-section-height-default elementor-section-height-default\" data-id=\"b1be2a1\" data-element_type=\"section\">\n\t\t\t\t\t\t<div class=\"elementor-container elementor-column-gap-default\">\n\t\t\t\t\t<div class=\"elementor-column elementor-col-100 elementor-top-column elementor-element elementor-element-fc7e2dd\" data-id=\"fc7e2dd\" data-element_type=\"column\">\n\t\t\t<div class=\"elementor-widget-wrap elementor-element-populated\">\n\t\t\t\t\t\t\t\t<div class=\"elementor-element elementor-element-f499c1c elementor-widget-divider--view-line elementor-widget elementor-widget-divider\" data-id=\"f499c1c\" data-element_type=\"widget\" data-widget_type=\"divider.default\">\n\t\t\t\t<div class=\"elementor-widget-container\">\n\t\t\t\t\t<div class=\"elementor-divider\">\n\t\t\t<span class=\"elementor-divider-separator\">\n\t\t\t\t\t\t<\/span>\n\t\t<\/div>\n\t\t\t\t<\/div>\n\t\t\t\t<\/div>\n\t\t\t\t\t<\/div>\n\t\t<\/div>\n\t\t\t\t\t\t\t<\/div>\n\t\t<\/section>\n\t\t\t\t<section class=\"elementor-section elementor-top-section elementor-element elementor-element-20395a8 elementor-section-boxed elementor-section-height-default elementor-section-height-default\" data-id=\"20395a8\" data-element_type=\"section\">\n\t\t\t\t\t\t<div class=\"elementor-container elementor-column-gap-default\">\n\t\t\t\t\t<div class=\"elementor-column elementor-col-100 elementor-top-column elementor-element elementor-element-eb7c0b9\" data-id=\"eb7c0b9\" data-element_type=\"column\">\n\t\t\t<div class=\"elementor-widget-wrap elementor-element-populated\">\n\t\t\t\t\t\t\t\t<div class=\"elementor-element elementor-element-64d8370 elementor-widget elementor-widget-heading\" data-id=\"64d8370\" data-element_type=\"widget\" data-widget_type=\"heading.default\">\n\t\t\t\t<div class=\"elementor-widget-container\">\n\t\t\t<h2 class=\"elementor-heading-title elementor-size-default\">RESULTADOS<\/h2>\t\t<\/div>\n\t\t\t\t<\/div>\n\t\t\t\t\t<\/div>\n\t\t<\/div>\n\t\t\t\t\t\t\t<\/div>\n\t\t<\/section>\n\t\t\t\t<section class=\"elementor-section elementor-top-section elementor-element elementor-element-05d2cf6 elementor-section-boxed elementor-section-height-default elementor-section-height-default\" data-id=\"05d2cf6\" data-element_type=\"section\">\n\t\t\t\t\t\t<div class=\"elementor-container elementor-column-gap-default\">\n\t\t\t\t\t<div class=\"elementor-column elementor-col-100 elementor-top-column elementor-element elementor-element-67a39f6\" data-id=\"67a39f6\" data-element_type=\"column\">\n\t\t\t<div class=\"elementor-widget-wrap elementor-element-populated\">\n\t\t\t\t\t\t\t\t<div class=\"elementor-element elementor-element-c211c87 elementor-widget elementor-widget-text-editor\" data-id=\"c211c87\" data-element_type=\"widget\" data-widget_type=\"text-editor.default\">\n\t\t\t\t<div class=\"elementor-widget-container\">\n\t\t\t\t\t\t\t<h4><span style=\"color: #008000;\"><strong>REPRESENTA\u00c7\u00c3O DOS DOCENTES<\/strong><\/span><\/h4><p>Universo: 96 eleitores<br \/>Votantes: 65\u00a0<br \/>Lista A: 60 votos<br \/>Votos em branco: 5 votos<br \/>Votos nulos: 0 votos<br \/>Mandatos: 7 representantes da Lista A<\/p>\t\t\t\t\t\t<\/div>\n\t\t\t\t<\/div>\n\t\t\t\t\t<\/div>\n\t\t<\/div>\n\t\t\t\t\t\t\t<\/div>\n\t\t<\/section>\n\t\t\t\t<section class=\"elementor-section elementor-top-section elementor-element elementor-element-19376dd elementor-section-boxed elementor-section-height-default elementor-section-height-default\" data-id=\"19376dd\" data-element_type=\"section\">\n\t\t\t\t\t\t<div class=\"elementor-container elementor-column-gap-default\">\n\t\t\t\t\t<div class=\"elementor-column elementor-col-100 elementor-top-column elementor-element elementor-element-0e4d84f\" data-id=\"0e4d84f\" data-element_type=\"column\">\n\t\t\t<div class=\"elementor-widget-wrap elementor-element-populated\">\n\t\t\t\t\t\t\t\t<div class=\"elementor-element elementor-element-1521872 elementor-widget elementor-widget-text-editor\" data-id=\"1521872\" data-element_type=\"widget\" data-widget_type=\"text-editor.default\">\n\t\t\t\t<div class=\"elementor-widget-container\">\n\t\t\t\t\t\t\t<h4><span style=\"color: #008000;\"><strong>REPRESENTA\u00c7\u00c3O DOS N\u00c3O DOCENTES<\/strong><\/span><\/h4><p>Universo: 60 eleitores<br \/>Votantes: 53\u00a0<br \/>Lista A: 37 votos<br \/>Votos em branco: 15 votos<br \/>Votos nulos: 1 voto<br \/>Mandatos: 2 representantes da Lista A<\/p>\t\t\t\t\t\t<\/div>\n\t\t\t\t<\/div>\n\t\t\t\t\t<\/div>\n\t\t<\/div>\n\t\t\t\t\t\t\t<\/div>\n\t\t<\/section>\n\t\t\t\t<section class=\"elementor-section elementor-top-section elementor-element elementor-element-b398812 elementor-section-boxed elementor-section-height-default elementor-section-height-default\" data-id=\"b398812\" data-element_type=\"section\">\n\t\t\t\t\t\t<div class=\"elementor-container elementor-column-gap-default\">\n\t\t\t\t\t<div class=\"elementor-column elementor-col-100 elementor-top-column elementor-element elementor-element-9106b15\" data-id=\"9106b15\" data-element_type=\"column\">\n\t\t\t<div class=\"elementor-widget-wrap elementor-element-populated\">\n\t\t\t\t\t\t\t\t<div class=\"elementor-element elementor-element-495dd5d elementor-widget elementor-widget-text-editor\" data-id=\"495dd5d\" data-element_type=\"widget\" data-widget_type=\"text-editor.default\">\n\t\t\t\t<div class=\"elementor-widget-container\">\n\t\t\t\t\t\t\t<h4><span style=\"color: #008000;\"><strong>REPRESENTA\u00c7\u00c3O DOS ALUNOS<\/strong><\/span><\/h4><p>Universo: 238 eleitores<br \/>Votantes: 100\u00a0<br \/>Lista A: 100 votos<br \/>Votos em branco: 0 votos<br \/>Votos nulos: 0 votos<br \/>Mandatos: 2 representantes da Lista A<\/p>\t\t\t\t\t\t<\/div>\n\t\t\t\t<\/div>\n\t\t\t\t\t<\/div>\n\t\t<\/div>\n\t\t\t\t\t\t\t<\/div>\n\t\t<\/section>\n\t\t\t\t<section class=\"elementor-section elementor-top-section elementor-element elementor-element-9be2498 elementor-section-boxed elementor-section-height-default elementor-section-height-default\" data-id=\"9be2498\" data-element_type=\"section\">\n\t\t\t\t\t\t<div class=\"elementor-container elementor-column-gap-default\">\n\t\t\t\t\t<div class=\"elementor-column elementor-col-100 elementor-top-column elementor-element elementor-element-f073e8a\" data-id=\"f073e8a\" data-element_type=\"column\">\n\t\t\t<div class=\"elementor-widget-wrap elementor-element-populated\">\n\t\t\t\t\t\t\t\t<div class=\"elementor-element elementor-element-3d856ca elementor-widget elementor-widget-text-editor\" data-id=\"3d856ca\" data-element_type=\"widget\" data-widget_type=\"text-editor.default\">\n\t\t\t\t<div class=\"elementor-widget-container\">\n\t\t\t\t\t\t\t<h4><span style=\"color: #008000;\"><strong>ATAS DE APURAMENTO<\/strong><\/span><\/h4><p><a href=\"https:\/\/www.ae2serpa.pt\/wp-content\/uploads\/2022\/03\/EleicaoCG_Ata_VNSB.pdf\" target=\"_blank\" rel=\"noopener\">Sec\u00e7\u00e3o de voto de Vila Nova de S\u00e3o Bento<\/a> (EB1 de Vila Nova de S\u00e3o Bento)<br \/><a href=\"https:\/\/www.ae2serpa.pt\/wp-content\/uploads\/2022\/03\/EleicaoCG_Ata_Serpa.pdf\" target=\"_blank\" rel=\"noopener\">Sec\u00e7\u00e3o de voto de Serpa<\/a> (Escola Secund\u00e1ria de Serpa)<br \/><a href=\"https:\/\/www.ae2serpa.pt\/wp-content\/uploads\/2022\/03\/EleicaoCG_Ata_Resultado_Final.pdf\" target=\"_blank\" rel=\"noopener\">Apuramento final global dos resultados<\/a><\/p>\t\t\t\t\t\t<\/div>\n\t\t\t\t<\/div>\n\t\t\t\t\t<\/div>\n\t\t<\/div>\n\t\t\t\t\t\t\t<\/div>\n\t\t<\/section>\n\t\t\t\t\t\t\t<\/div>\n\t\t","protected":false},"excerpt":{"rendered":"<p>DOCUMENTOS ORIENTADORES EDITAL &#8211; AVISO DE ABERTURA REGULAMENTO CALEND\u00c1RIO DOS PROCEDIMENTOS LISTAS CONCORRENTES ALUNOS LISTA AEfetivos: J\u00falia Sara Palma Vez |\u00a0Manuel Ra\u00e7\u00f5es VillaltaSuplentes: Pilar Vit\u00f3ria Gon\u00e7alves Cola\u00e7o | Jos\u00e9 Alexandre Lu\u00eds Teodoro Consulte a lista DOCENTES LISTA AEfetivos: Laura Maria Vaz Sarroeira | V\u00edtor Jorge Henriques Bras\u00e3o | Nuno Elmano Nina de Lima Vidigal Raposo [&hellip;]<\/p>\n","protected":false},"author":5,"featured_media":0,"parent":0,"menu_order":0,"comment_status":"closed","ping_status":"closed","template":"","meta":{"footnotes":""},"yoast_head":"<!-- This site is optimized with the Yoast SEO plugin v22.8 - https:\/\/yoast.com\/wordpress\/plugins\/seo\/ -->\n<title>Elei\u00e7\u00f5es: Conselho Geral (2022\/2024) - Agrupamento de Escolas n.\u00ba 2 de Serpa<\/title>\n<meta name=\"robots\" content=\"index, follow, max-snippet:-1, max-image-preview:large, max-video-preview:-1\" \/>\n<link rel=\"canonical\" href=\"https:\/\/www.ae2serpa.pt\/index.php\/eleicoes-conselho-geral-2022-2024\/\" \/>\n<meta property=\"og:locale\" content=\"pt_PT\" \/>\n<meta property=\"og:type\" content=\"article\" \/>\n<meta property=\"og:title\" content=\"Elei\u00e7\u00f5es: Conselho Geral (2022\/2024) - Agrupamento de Escolas n.\u00ba 2 de Serpa\" \/>\n<meta property=\"og:description\" content=\"DOCUMENTOS ORIENTADORES EDITAL &#8211; AVISO DE ABERTURA REGULAMENTO CALEND\u00c1RIO DOS PROCEDIMENTOS LISTAS CONCORRENTES ALUNOS LISTA AEfetivos: J\u00falia Sara Palma Vez |\u00a0Manuel Ra\u00e7\u00f5es VillaltaSuplentes: Pilar Vit\u00f3ria Gon\u00e7alves Cola\u00e7o | Jos\u00e9 Alexandre Lu\u00eds Teodoro Consulte a lista DOCENTES LISTA AEfetivos: Laura Maria Vaz Sarroeira | V\u00edtor Jorge Henriques Bras\u00e3o | Nuno Elmano Nina de Lima Vidigal Raposo [&hellip;]\" \/>\n<meta property=\"og:url\" content=\"https:\/\/www.ae2serpa.pt\/index.php\/eleicoes-conselho-geral-2022-2024\/\" \/>\n<meta property=\"og:site_name\" content=\"Agrupamento de Escolas n.\u00ba 2 de Serpa\" \/>\n<meta property=\"article:publisher\" content=\"https:\/\/www.facebook.com\/AE2Serpa\/\" \/>\n<meta property=\"article:modified_time\" content=\"2024-05-08T19:50:11+00:00\" \/>\n<meta name=\"twitter:card\" content=\"summary_large_image\" \/>\n<meta name=\"twitter:site\" content=\"@ae2serpa\" \/>\n<meta name=\"twitter:label1\" content=\"Tempo estimado de leitura\" \/>\n\t<meta name=\"twitter:data1\" content=\"2 minutos\" \/>\n<script type=\"application\/ld+json\" class=\"yoast-schema-graph\">{\"@context\":\"https:\/\/schema.org\",\"@graph\":[{\"@type\":\"WebPage\",\"@id\":\"https:\/\/www.ae2serpa.pt\/index.php\/eleicoes-conselho-geral-2022-2024\/\",\"url\":\"https:\/\/www.ae2serpa.pt\/index.php\/eleicoes-conselho-geral-2022-2024\/\",\"name\":\"Elei\u00e7\u00f5es: Conselho Geral (2022\/2024) - Agrupamento de Escolas n.\u00ba 2 de Serpa\",\"isPartOf\":{\"@id\":\"https:\/\/www.ae2serpa.pt\/#website\"},\"datePublished\":\"2022-03-15T11:52:33+00:00\",\"dateModified\":\"2024-05-08T19:50:11+00:00\",\"breadcrumb\":{\"@id\":\"https:\/\/www.ae2serpa.pt\/index.php\/eleicoes-conselho-geral-2022-2024\/#breadcrumb\"},\"inLanguage\":\"pt-PT\",\"potentialAction\":[{\"@type\":\"ReadAction\",\"target\":[\"https:\/\/www.ae2serpa.pt\/index.php\/eleicoes-conselho-geral-2022-2024\/\"]}]},{\"@type\":\"BreadcrumbList\",\"@id\":\"https:\/\/www.ae2serpa.pt\/index.php\/eleicoes-conselho-geral-2022-2024\/#breadcrumb\",\"itemListElement\":[{\"@type\":\"ListItem\",\"position\":1,\"name\":\"In\u00edcio\",\"item\":\"https:\/\/www.ae2serpa.pt\/\"},{\"@type\":\"ListItem\",\"position\":2,\"name\":\"Elei\u00e7\u00f5es: Conselho Geral (2022\/2024)\"}]},{\"@type\":\"WebSite\",\"@id\":\"https:\/\/www.ae2serpa.pt\/#website\",\"url\":\"https:\/\/www.ae2serpa.pt\/\",\"name\":\"AGRUPAMENTO DE ESCOLAS N.\u00ba 2 DE SERPA\",\"description\":\"Agrupamento de Escolas n.\u00ba 2 de Serpa\",\"publisher\":{\"@id\":\"https:\/\/www.ae2serpa.pt\/#organization\"},\"potentialAction\":[{\"@type\":\"SearchAction\",\"target\":{\"@type\":\"EntryPoint\",\"urlTemplate\":\"https:\/\/www.ae2serpa.pt\/?s={search_term_string}\"},\"query-input\":\"required name=search_term_string\"}],\"inLanguage\":\"pt-PT\"},{\"@type\":\"Organization\",\"@id\":\"https:\/\/www.ae2serpa.pt\/#organization\",\"name\":\"AGRUMANENTO DE ESOLAS N.\u00ba 2 DE SERPA\",\"url\":\"https:\/\/www.ae2serpa.pt\/\",\"logo\":{\"@type\":\"ImageObject\",\"inLanguage\":\"pt-PT\",\"@id\":\"https:\/\/www.ae2serpa.pt\/#\/schema\/logo\/image\/\",\"url\":\"https:\/\/www.ae2serpa.pt\/wp-content\/uploads\/2021\/07\/AE2Serpa_LogoNovo-e1627067148639.png\",\"contentUrl\":\"https:\/\/www.ae2serpa.pt\/wp-content\/uploads\/2021\/07\/AE2Serpa_LogoNovo-e1627067148639.png\",\"width\":250,\"height\":149,\"caption\":\"AGRUMANENTO DE ESOLAS N.\u00ba 2 DE SERPA\"},\"image\":{\"@id\":\"https:\/\/www.ae2serpa.pt\/#\/schema\/logo\/image\/\"},\"sameAs\":[\"https:\/\/www.facebook.com\/AE2Serpa\/\",\"https:\/\/x.com\/ae2serpa\",\"https:\/\/www.instagram.com\/agresc2serpa\/\"]}]}<\/script>\n<!-- \/ Yoast SEO plugin. -->","yoast_head_json":{"title":"Elei\u00e7\u00f5es: Conselho Geral (2022\/2024) - Agrupamento de Escolas n.\u00ba 2 de Serpa","robots":{"index":"index","follow":"follow","max-snippet":"max-snippet:-1","max-image-preview":"max-image-preview:large","max-video-preview":"max-video-preview:-1"},"canonical":"https:\/\/www.ae2serpa.pt\/index.php\/eleicoes-conselho-geral-2022-2024\/","og_locale":"pt_PT","og_type":"article","og_title":"Elei\u00e7\u00f5es: Conselho Geral (2022\/2024) - Agrupamento de Escolas n.\u00ba 2 de Serpa","og_description":"DOCUMENTOS ORIENTADORES EDITAL &#8211; AVISO DE ABERTURA REGULAMENTO CALEND\u00c1RIO DOS PROCEDIMENTOS LISTAS CONCORRENTES ALUNOS LISTA AEfetivos: J\u00falia Sara Palma Vez |\u00a0Manuel Ra\u00e7\u00f5es VillaltaSuplentes: Pilar Vit\u00f3ria Gon\u00e7alves Cola\u00e7o | Jos\u00e9 Alexandre Lu\u00eds Teodoro Consulte a lista DOCENTES LISTA AEfetivos: Laura Maria Vaz Sarroeira | V\u00edtor Jorge Henriques Bras\u00e3o | Nuno Elmano Nina de Lima Vidigal Raposo [&hellip;]","og_url":"https:\/\/www.ae2serpa.pt\/index.php\/eleicoes-conselho-geral-2022-2024\/","og_site_name":"Agrupamento de Escolas n.\u00ba 2 de Serpa","article_publisher":"https:\/\/www.facebook.com\/AE2Serpa\/","article_modified_time":"2024-05-08T19:50:11+00:00","twitter_card":"summary_large_image","twitter_site":"@ae2serpa","twitter_misc":{"Tempo estimado de leitura":"2 minutos"},"schema":{"@context":"https:\/\/schema.org","@graph":[{"@type":"WebPage","@id":"https:\/\/www.ae2serpa.pt\/index.php\/eleicoes-conselho-geral-2022-2024\/","url":"https:\/\/www.ae2serpa.pt\/index.php\/eleicoes-conselho-geral-2022-2024\/","name":"Elei\u00e7\u00f5es: Conselho Geral (2022\/2024) - Agrupamento de Escolas n.\u00ba 2 de Serpa","isPartOf":{"@id":"https:\/\/www.ae2serpa.pt\/#website"},"datePublished":"2022-03-15T11:52:33+00:00","dateModified":"2024-05-08T19:50:11+00:00","breadcrumb":{"@id":"https:\/\/www.ae2serpa.pt\/index.php\/eleicoes-conselho-geral-2022-2024\/#breadcrumb"},"inLanguage":"pt-PT","potentialAction":[{"@type":"ReadAction","target":["https:\/\/www.ae2serpa.pt\/index.php\/eleicoes-conselho-geral-2022-2024\/"]}]},{"@type":"BreadcrumbList","@id":"https:\/\/www.ae2serpa.pt\/index.php\/eleicoes-conselho-geral-2022-2024\/#breadcrumb","itemListElement":[{"@type":"ListItem","position":1,"name":"In\u00edcio","item":"https:\/\/www.ae2serpa.pt\/"},{"@type":"ListItem","position":2,"name":"Elei\u00e7\u00f5es: Conselho Geral (2022\/2024)"}]},{"@type":"WebSite","@id":"https:\/\/www.ae2serpa.pt\/#website","url":"https:\/\/www.ae2serpa.pt\/","name":"AGRUPAMENTO DE ESCOLAS N.\u00ba 2 DE SERPA","description":"Agrupamento de Escolas n.\u00ba 2 de Serpa","publisher":{"@id":"https:\/\/www.ae2serpa.pt\/#organization"},"potentialAction":[{"@type":"SearchAction","target":{"@type":"EntryPoint","urlTemplate":"https:\/\/www.ae2serpa.pt\/?s={search_term_string}"},"query-input":"required name=search_term_string"}],"inLanguage":"pt-PT"},{"@type":"Organization","@id":"https:\/\/www.ae2serpa.pt\/#organization","name":"AGRUMANENTO DE ESOLAS N.\u00ba 2 DE SERPA","url":"https:\/\/www.ae2serpa.pt\/","logo":{"@type":"ImageObject","inLanguage":"pt-PT","@id":"https:\/\/www.ae2serpa.pt\/#\/schema\/logo\/image\/","url":"https:\/\/www.ae2serpa.pt\/wp-content\/uploads\/2021\/07\/AE2Serpa_LogoNovo-e1627067148639.png","contentUrl":"https:\/\/www.ae2serpa.pt\/wp-content\/uploads\/2021\/07\/AE2Serpa_LogoNovo-e1627067148639.png","width":250,"height":149,"caption":"AGRUMANENTO DE ESOLAS N.\u00ba 2 DE SERPA"},"image":{"@id":"https:\/\/www.ae2serpa.pt\/#\/schema\/logo\/image\/"},"sameAs":["https:\/\/www.facebook.com\/AE2Serpa\/","https:\/\/x.com\/ae2serpa","https:\/\/www.instagram.com\/agresc2serpa\/"]}]}},"_links":{"self":[{"href":"https:\/\/www.ae2serpa.pt\/index.php\/wp-json\/wp\/v2\/pages\/5034"}],"collection":[{"href":"https:\/\/www.ae2serpa.pt\/index.php\/wp-json\/wp\/v2\/pages"}],"about":[{"href":"https:\/\/www.ae2serpa.pt\/index.php\/wp-json\/wp\/v2\/types\/page"}],"author":[{"embeddable":true,"href":"https:\/\/www.ae2serpa.pt\/index.php\/wp-json\/wp\/v2\/users\/5"}],"replies":[{"embeddable":true,"href":"https:\/\/www.ae2serpa.pt\/index.php\/wp-json\/wp\/v2\/comments?post=5034"}],"version-history":[{"count":35,"href":"https:\/\/www.ae2serpa.pt\/index.php\/wp-json\/wp\/v2\/pages\/5034\/revisions"}],"predecessor-version":[{"id":8207,"href":"https:\/\/www.ae2serpa.pt\/index.php\/wp-json\/wp\/v2\/pages\/5034\/revisions\/8207"}],"wp:attachment":[{"href":"https:\/\/www.ae2serpa.pt\/index.php\/wp-json\/wp\/v2\/media?parent=5034"}],"curies":[{"name":"wp","href":"https:\/\/api.w.org\/{rel}","templated":true}]}}